 = -1 + q. What is the remainder when 31 is divided by i?
9
Let y(h) = -8*h - 22. What is the remainder when 69 is divided by y(-4)?
9
Suppose h - 13 = -4*f + 7, 5*f - 4*h = 4. Calculate the remainder when 22 is divided by f.
2
Suppose -3*n + 29 + 40 = 0. Calculate the remainder when 67 is divided by n.
21
Suppose -2*u = -18 - 12. Calculate the remainder when u is divided by 3.
0
Suppose 2*x - 5 = 3. Suppose -8 = -4*w + 12, 0 = -x*g - 3*w + 31. Suppose 0 = 2*s - 7 + 1. Calculate the remainder when g is divided by s.
1
Let n(z) = z**2 + 10*z + 19. Let y = 4 + 32. Calculate the remainder when y is divided by n(-10).
17
Let q be 120/(-21) - 2/7. Let m(k) = -k**3 - 8*k**2 + 7*k - 9. Calculate the remainder when q/(-9) - (-46)/3 is divided by m(-9).
7
Suppose 5*h + 14 = t + 33, -2*t + 6 = h. Suppose -2*j = 3*o - 53, 4*o = o - 5*j + 65. Calculate the remainder when o is divided by h.
3
Let o(s) = -s**3 - 6*s**2 - 6*s + 6. Suppose 5 = i + 2. Suppose 0 = 5*j + i*v - 88, 3 + 1 = j + 4*v. What is the remainder when j is divided by o(-5)?
9
Suppose -2*p = -0*p + 42. What is the remainder when (-7)/p - 26/(-3) is divided by 5?
4
Let l(c) = -2*c + 4. Let f(z) = -2*z + 4. Let t be f(4). Calculate the remainder when 21 is divided by l(t).
9
Let t = 20 - 12. Suppose -5*w + 28 = 3. Suppose -65 - 10 = -w*o. What is the remainder when o is divided by t?
7
Let s(p) = p**3 - 6*p**2 + 7*p - 9. Let f = 26 + -43. Let c = f + 34. Calculate the remainder when s(6) is divided by c.
16
Let i = 47 + -119. Let f = -34 - i. Let b = f - 21. Calculate the remainder when b is divided by 9.
8
Suppose 0 = -3*t + 2*t + 175. Let n = t + -102. What is the remainder when n is divided by 25?
23
Let x = -141 + 149. Suppose -4*u = -4*z - 76, 0*u = 5*u - 2*z - 80. Calculate the remainder when u is divided by x.
6
Calculate the remainder when (-11886)/(-154) - 4/22 is divided by 16.
13
Suppose -4*b = -k + 4, 0 = -2*b + 6*b + 4*k + 4. Let p = b + 6. Suppose p*u - 3*i = 42, 2*i = 4 - 2. Calculate the remainder when 33 is divided by u.
6
Let s = -1 - -6. Suppose 4*y + 4*m = y + 85, -3*m = s*y - 149. Calculate the remainder when y is divided by 16.
15
Suppose 5*p - 4*q - 16 = 0, 2*p + 3 = 4*p - 5*q. What is the remainder when 8 is divided by p?
0
Let y = 63 - 44. Let b be 0 + (177*2)/3. Suppose -b = -4*c - 3*j + 17, c = -4*j + 24. What is the remainder when c is divided by y?
17
Let z = -20 + 28. What is the remainder when 29 is divided by z?
5
Suppose 0 = r + 3*s - 8, 0 = -r + 6*r + 2*s - 53. Calculate the remainder when r is divided by 8.
3
Suppose -4*l = d - 47, -3*l - 3*d = -6*l + 54. Calculate the remainder when 36 is divided by l.
10
Let b = 152 - 119. Let j = -11 - -29. What is the remainder when b is divided by j?
15
Suppose g + 3*g - 168 = 0. Suppose -5*s + 44 = -2*i, 3*s - 5*i - g = -s. Let b(z) = -31*z - 1. What is the remainder when b(-1) is divided by s?
6
Suppose -4*o = -o - 141. What is the remainder when o is divided by 12?
11
Let p = 31 + -22. Let r = 3 + p. What is the remainder when 414/12*(-2)/(-3) is divided by r?
11
Let s(x) = -x**2 - 5*x - 6. Let y be s(-4). Let t be -1 - (-1 + y)*1. Suppose -t*q = -4*b - q + 15, -q = -b. What is the remainder when 8 is divided by b?
3
Suppose 0 = n - 12. Suppose 4*j + 3*a - 112 = 0, -4*a - 2 = -j + 7. What is the remainder when j is divided by n/(-10)*15/(-2)?
7
Let y = -38 - -27. Let w = y - -29. What is the remainder when 35 is divided by w?
17
Suppose -130 = -6*x + x. Let b = x - 16. What is the remainder when 19 is divided by b?
9
Suppose -70*b + 66*b + 48 = 0. Calculate the remainder when 94 is divided by b.
10
Let p(c) = c**3 - 5*c**2 - 3*c + 7. Suppose -6 + 36 = -3*y. Let x be -1*((y - -2) + 2). What is the remainder when p(x) is divided by 13?
12
Let z = 4 - 5. What is the remainder when 30 is divided by (-48)/15*5/z?
14
Let m = 38 - 22. Let z(f) = f + 6. Let x be z(-6). Suppose 3*i + 2*i - 230 = -h, -3*i - h + 138 = x. Calculate the remainder when i is divided by m.
14
What is the remainder when 53 is divided by (1*3)/(21/98)?
11
Let v = -13 - -6. Let s = v + 11. Suppose 82 = s*f - 2*o, 2*f + 5*o = 6 + 17. Calculate the remainder when 37 is divided by f.
18
Let r be (-1)/((-3)/(-10 + 1)). Suppose 3*s - n = n + 7, 0 = 2*s - 2*n - 2. Calculate the remainder when (-54)/(-4) + r/(-6) is divided by s.
4
Let j = -4 - -4. Suppose j*n = 5*n - 140. What is the remainder when n is divided by 10?
8
Suppose 3*o + 0*o = 54. Calculate the remainder when o is divided by 4.
2
Let c = 18 - 16. Suppose -4*j + 2*m = -74, c*j + 0*m = -m + 43. Calculate the remainder when 78 is divided by j.
18
Suppose -u = 2*t - 14, -2*u = -7*u + 4*t. Suppose 2*w - 5 = 25. What is the remainder when w is divided by u?
3
Let v = 173 + -146. What is the remainder when 51 is divided by v?
24
Suppose -10*t + 6*t + 40 = 0. Calculate the remainder when 17 is divided by t.
7
Calculate the remainder when 93 is divided by (66/(-18))/((-40)/36 + 1).
27
Let u(h) = 3*h. What is the remainder when u(14) is divided by 4?
2
Let g be (3/2)/((-1)/(-2)). What is the remainder when 5/3 + g/9 is divided by 1?
0
Suppose 9*z - 584 = 5*z. Suppose -p = 5*r - z, 4*r - 115 = -p + 2*p. What is the remainder when (r - 8) + 0 + 0 is divided by 11?
10
Let f be 1*(-10)/(-4)*-2. Calculate the remainder when ((-4)/5)/(f/75) is divided by 7.
5
Let p be (-30)/18*(-6)/(-2). Let h = 0 - p. Let z = 0 + 2. Calculate the remainder when h is divided by z.
1
Let s(p) = 4*p**2 - 3*p - 5. Suppose -3*h = -98 - 91. Calculate the remainder when h is divided by s(3).
19
Let o(u) = u**3 - u - u + 5*u**2 + 0*u**2 - 2 + 5. Let z = -48 - -85. Calculate the remainder when z is divided by o(-5).
11
Let f(o) = 5*o**2 - 6*o. Calculate the remainder when f(5) is divided by 24.
23
Let z = 3 + 2. Suppose -6 + 0 = -t - z*b, 3*b + 38 = 2*t. Let w(n) = -2*n + 1. Calculate the remainder when t is divided by w(-4).
7
Suppose 4*g = g. Suppose -5*y + 0*y + 480 = g. Let b = -67 + y. What is the remainder when b is divided by 15?
14
Suppose a - 3*v = -3 - 1, -3*a + 5*v = 0. What is the remainder when a is divided by 1/3*(-3 - -9)?
1
Let i = 0 + 0. Suppose 13 = -i*h + h. Calculate the remainder when 38 is divided by h.
12
Let u = -3 - -5. Calculate the remainder when 30 is divided by 82/10 + u/(-10).
6
Let z(x) = 2*x**2 - 3*x - 4. Let g be z(3). Suppose -g = -5*h - 0*h. Calculate the remainder when 14 is divided by 4 + 3 + (-2)/h.
4
Let f(c) = -c**2 + c + 9. Let k be f(0). Suppose 5*x - 16 = -2*s, -3*s + k = -2*s + 3*x. What is the remainder when 7 is divided by s?
1
Let w = -7 - -12. Suppose 39 - 129 = -w*b. What is the remainder when 34 is divided by b?
16
Calculate the remainder when 33 is divided by -10 + 6 - (-5)/((-10)/(-44)).
15
Suppose 5*y = 4*k + 187, -4*y - 5*k = -5*y + 29. What is the remainder when y is divided by 10?
9
Let l = 31 - 20. What is the remainder when 65 is divided by l?
10
Let p(a) = a + 9. Let h be p(-9). Suppose h = m + m - 20. Calculate the remainder when m is divided by 28/5 - (-2)/5.
4
Let n(j) = -35*j. Let i(o) = -o - 2. What is the remainder when n(-1) is divided by i(-14)?
11
Let v(b) = -2*b - 10. Suppose 4*f - 58 = 2*s, 9*f + 4*s - 79 = 4*f. What is the remainder when f is divided by v(-9)?
7
Calculate the remainder when (0 - (-3)/6)/(3/342) is divided by 24.
9
Let k = 44 + 27. What is the remainder when k is divided by 3/4*(33 - 1)?
23
Suppose 9*y - y = 64. What is the remainder when 2/(4/(-22))*-2 is divided by y?
6
Let b be (-122 + 3/3)*-1. Let k = -69 + b. What is the remainder when k is divided by 18?
16
Suppose 0 = -5*z - o - 114, -2*z - z = 4*o + 82. Let j(v) = 7*v. Let p be j(5). Let l = p + z. What is the remainder when 37 is divided by l?
11
Let k(a) = a**3 + 7*a**2 - 4*a - 17. Let l = -29 + 50. Calculate the remainder when l is divided by k(-7).
10
Let z = -2 - -19. Let s be 5*(-5)/((-75)/(-12)). Let y = z + s. What is the remainder when 24 is divided by y?
11
Let d(z) = -z**3 + 9*z**2 - 9*z + 20. Calculate the remainder when 34 is divided by d(8).
10
Let q(x) = x**2 + 5*x. Let h(a) = a**3 - 4*a**2 + 3. Let o be h(4). Suppose 5*k + 2*j - 40 = o*j, -4*j = 0. What is the remainder when q(-7) is divided by k?
6
Let n = 19 + -5. Calculate the remainder when 40 is divided by n.
12
Let 